{"id":363,"date":"2013-07-10T16:16:34","date_gmt":"2013-07-10T20:16:34","guid":{"rendered":"http:\/\/ppgecpan.draconis.ufms.br\/?page_id=363"},"modified":"2013-07-10T16:17:23","modified_gmt":"2013-07-10T20:17:23","slug":"dissertacoes-defendidas","status":"publish","type":"page","link":"https:\/\/ppgecpan.ufms.br\/es\/dissertacoes-defendidas\/","title":{"rendered":"Disserta\u00e7\u00f5es defendidas"},"content":{"rendered":"<ul>\n<li><a href=\"http:\/\/ppgecpan.draconis.ufms.br\/arquivo\/342\">ANDR\u00c9A DUARTE DE OLIVEIRA \u2013 Condi\u00e7\u00f5es de Forma\u00e7\u00e3o Continuada do Programa Educa\u00e7\u00e3o Inclusiva: Direito \u00e0 Diversidade<\/a><\/li>\n<li>\n<ul>\n<li><a href=\"http:\/\/ppgecpan.draconis.ufms.br\/arquivo\/342\">ANDR\u00c9A DUARTE DE OLIVEIRA \u2013 Condi\u00e7\u00f5es de Forma\u00e7\u00e3o Continuada do Programa Educa\u00e7\u00e3o Inclusiva: Direito \u00e0 Diversidade<\/a><\/li>\n<li>\n<ul>\n<li><a href=\"http:\/\/ppgecpan.draconis.ufms.br\/arquivo\/342\">ANDR\u00c9A DUARTE DE OLIVEIRA \u2013 Condi\u00e7\u00f5es de Forma\u00e7\u00e3o Continuada do Programa Educa\u00e7\u00e3o Inclusiva: Direito \u00e0 Diversidade<\/a><\/li>\n<li>\n<ul>\n<li><a href=\"http:\/\/ppgecpan.draconis.ufms.br\/arquivo\/342\">ANDR\u00c9A DUARTE DE OLIVEIRA \u2013 Condi\u00e7\u00f5es de Forma\u00e7\u00e3o Continuada do Programa Educa\u00e7\u00e3o Inclusiva: Direito \u00e0 Diversidade<\/a>\n<ul>\n<li><a href=\"http:\/\/ppgecpan.draconis.ufms.br\/arquivo\/342\">ANDR\u00c9A DUARTE DE OLIVEIRA \u2013 Condi\u00e7\u00f5es de Forma\u00e7\u00e3o Continuada do Programa Educa\u00e7\u00e3o Inclusiva: Direito \u00e0 Diversidade<\/a>\n<ul>\n<li><a href=\"http:\/\/ppgecpan.draconis.ufms.br\/arquivo\/342\">ANDR\u00c9A DUARTE DE OLIVEIRA \u2013 Condi\u00e7\u00f5es de Forma\u00e7\u00e3o Continuada do Programa Educa\u00e7\u00e3o Inclusiva: Direito \u00e0 Diversidade<\/a>\n<ul>\n<li><a href=\"http:\/\/ppgecpan.draconis.ufms.br\/arquivo\/342\">ANDR\u00c9A DUARTE DE OLIVEIRA \u2013 Condi\u00e7\u00f5es de Forma\u00e7\u00e3o Continuada do Programa Educa\u00e7\u00e3o Inclusiva: Direito \u00e0 Diversidade<\/a>\n<ul>\n<li><a href=\"http:\/\/ppgecpan.draconis.ufms.br\/arquivo\/342\">ANDR\u00c9A DUARTE DE OLIVEIRA \u2013 Condi\u00e7\u00f5es de Forma\u00e7\u00e3o Continuada do Programa Educa\u00e7\u00e3o Inclusiva: Direito \u00e0 Diversidade<\/a>\n<ul>\n<li><a href=\"http:\/\/ppgecpan.draconis.ufms.br\/arquivo\/342\">ANDR\u00c9A DUARTE DE OLIVEIRA \u2013 Condi\u00e7\u00f5es de Forma\u00e7\u00e3o Continuada do Programa Educa\u00e7\u00e3o Inclusiva: Direito \u00e0 Diversidade<\/a>\n<ul>\n<li><a href=\"http:\/\/ppgecpan.draconis.ufms.br\/arquivo\/342\">ANDR\u00c9A DUARTE DE OLIVEIRA \u2013 Condi\u00e7\u00f5es de Forma\u00e7\u00e3o Continuada do Programa Educa\u00e7\u00e3o Inclusiva: Direito \u00e0 Diversidade<\/a>\n<ul>\n<li><a href=\"http:\/\/ppgecpan.draconis.ufms.br\/arquivo\/342\">ANDR\u00c9A DUARTE DE OLIVEIRA \u2013 Condi\u00e7\u00f5es de Forma\u00e7\u00e3o Continuada do Programa Educa\u00e7\u00e3o Inclusiva: Direito \u00e0 Diversidade<\/a>\n<ul>\n<li><a href=\"http:\/\/ppgecpan.draconis.ufms.br\/arquivo\/342\">ANDR\u00c9A DUARTE DE OLIVEIRA \u2013 Condi\u00e7\u00f5es de Forma\u00e7\u00e3o Continuada do Programa Educa\u00e7\u00e3o Inclusiva: Direito \u00e0 Diversidade<\/a>\n<ul>\n<li><a href=\"http:\/\/ppgecpan.draconis.ufms.br\/arquivo\/342\">ANDR\u00c9A DUARTE DE OLIVEIRA \u2013 Condi\u00e7\u00f5es de Forma\u00e7\u00e3o Continuada do Programa Educa\u00e7\u00e3o Inclusiva: Direito \u00e0 Diversidade<\/a>\n<ul>\n<li><a href=\"http:\/\/ppgecpan.draconis.ufms.br\/arquivo\/342\">ANDR\u00c9A DUARTE DE OLIVEIRA \u2013 Condi\u00e7\u00f5es de Forma\u00e7\u00e3o Continuada do Programa Educa\u00e7\u00e3o Inclusiva: Direito \u00e0 Diversidade<\/a>\n<ul>\n<li><a href=\"http:\/\/ppgecpan.draconis.ufms.br\/arquivo\/342\">ANDR\u00c9A DUARTE DE OLIVEIRA \u2013 Condi\u00e7\u00f5es de Forma\u00e7\u00e3o Continuada do Programa Educa\u00e7\u00e3o Inclusiva: Direito \u00e0 Diversidade<\/a>\n<ul>\n<li><a href=\"http:\/\/ppgecpan.draconis.ufms.br\/arquivo\/342\">ANDR\u00c9A DUARTE DE OLIVEIRA \u2013 Condi\u00e7\u00f5es de Forma\u00e7\u00e3o Continuada do Programa Educa\u00e7\u00e3o Inclusiva: Direito \u00e0 Diversidade<\/a>\n<ul>\n<li><a href=\"http:\/\/ppgecpan.draconis.ufms.br\/arquivo\/342\">ANDR\u00c9A DUARTE DE OLIVEIRA \u2013 Condi\u00e7\u00f5es de Forma\u00e7\u00e3o Continuada do Programa Educa\u00e7\u00e3o Inclusiva: Direito \u00e0 Diversidade<\/a>\n<ul>\n<li><a href=\"http:\/\/ppgecpan.draconis.ufms.br\/arquivo\/342\">ANDR\u00c9A DUARTE DE OLIVEIRA \u2013 Condi\u00e7\u00f5es de Forma\u00e7\u00e3o Continuada do Programa Educa\u00e7\u00e3o Inclusiva: Direito \u00e0 Diversidade<\/a>\n<ul>\n<li><a href=\"http:\/\/ppgecpan.draconis.ufms.br\/arquivo\/342\">ANDR\u00c9A DUARTE DE OLIVEIRA \u2013 Condi\u00e7\u00f5es de Forma\u00e7\u00e3o Continuada do Programa Educa\u00e7\u00e3o Inclusiva: Direito \u00e0 Diversidade<\/a>\n<ul>\n<li><a href=\"http:\/\/ppgecpan.draconis.ufms.br\/arquivo\/342\">ANDR\u00c9A DUARTE DE OLIVEIRA \u2013 Condi\u00e7\u00f5es de Forma\u00e7\u00e3o Continuada do Programa Educa\u00e7\u00e3o Inclusiva: Direito \u00e0 Diversidade<\/a>\n<ul>\n<li><a href=\"http:\/\/ppgecpan.draconis.ufms.br\/arquivo\/342\">ANDR\u00c9A DUARTE DE OLIVEIRA \u2013 Condi\u00e7\u00f5es de Forma\u00e7\u00e3o Continuada do Programa Educa\u00e7\u00e3o Inclusiva: Direito \u00e0 Diversidade<\/a>\n<ul>\n<li><a href=\"http:\/\/ppgecpan.draconis.ufms.br\/arquivo\/342\">ANDR\u00c9A DUARTE DE OLIVEIRA \u2013 Condi\u00e7\u00f5es de Forma\u00e7\u00e3o Continuada do Programa Educa\u00e7\u00e3o Inclusiva: Direito \u00e0 Diversidade<\/a>\n<ul>\n<li><a href=\"http:\/\/ppgecpan.draconis.ufms.br\/arquivo\/342\">ANDR\u00c9A DUARTE DE OLIVEIRA \u2013 Condi\u00e7\u00f5es de Forma\u00e7\u00e3o Continuada do Programa Educa\u00e7\u00e3o Inclusiva: Direito \u00e0 Diversidade<\/a>\n<ul>\n<li><a href=\"http:\/\/ppgecpan.draconis.ufms.br\/arquivo\/342\">ANDR\u00c9A DUARTE DE OLIVEIRA \u2013 Condi\u00e7\u00f5es de Forma\u00e7\u00e3o Continuada do Programa Educa\u00e7\u00e3o Inclusiva: Direito \u00e0 Diversidade<\/a>\n<ul>\n<li><a href=\"http:\/\/ppgecpan.draconis.ufms.br\/arquivo\/342\">ANDR\u00c9A DUARTE DE OLIVEIRA \u2013 Condi\u00e7\u00f5es de Forma\u00e7\u00e3o Continuada do Programa Educa\u00e7\u00e3o Inclusiva: Direito \u00e0 Diversidade<\/a><\/li>\n<\/ul>\n<\/li>\n<\/ul>\n<\/li>\n<\/ul>\n<\/li>\n<\/ul>\n<\/li>\n<\/ul>\n<\/li>\n<\/ul>\n<\/li>\n<\/ul>\n<\/li>\n<\/ul>\n<\/li>\n<\/ul>\n<\/li>\n<\/ul>\n<\/li>\n<\/ul>\n<\/li>\n<\/ul>\n<\/li>\n<\/ul>\n<\/li>\n<\/ul>\n<\/li>\n<\/ul>\n<\/li>\n<\/ul>\n<\/li>\n<\/ul>\n<\/li>\n<\/ul>\n<\/li>\n<\/ul>\n<\/li>\n<\/ul>\n<\/li>\n<\/ul>\n<\/li>\n<\/ul>\n<\/li>\n<\/ul>\n<\/li>\n<\/ul>\n<\/li>\n<\/ul>\n","protected":false},"excerpt":{"rendered":"<p>ANDR\u00c9A DUARTE DE OLIVEIRA \u2013 Condi\u00e7\u00f5es de Forma\u00e7\u00e3o Continuada do Programa Educa\u00e7\u00e3o Inclusiva: Direito \u00e0 Diversidade ANDR\u00c9A DUARTE DE OLIVEIRA \u2013 Condi\u00e7\u00f5es de Forma\u00e7\u00e3o Continuada do Programa Educa\u00e7\u00e3o Inclusiva: Direito \u00e0 Diversidade ANDR\u00c9A DUARTE DE OLIVEIRA \u2013 Condi\u00e7\u00f5es de Forma\u00e7\u00e3o Continuada do Programa Educa\u00e7\u00e3o Inclusiva: Direito \u00e0 Diversidade ANDR\u00c9A DUARTE DE OLIVEIRA \u2013 Condi\u00e7\u00f5es de [&hellip;]<\/p>\n","protected":false},"author":18799,"featured_media":0,"parent":0,"menu_order":0,"comment_status":"closed","ping_status":"open","template":"","meta":{"footnotes":""},"coauthors":[],"class_list":["post-363","page","type-page","status-publish","hentry"],"_links":{"self":[{"href":"https:\/\/ppgecpan.ufms.br\/es\/wp-json\/wp\/v2\/pages\/363","targetHints":{"allow":["GET"]}}],"collection":[{"href":"https:\/\/ppgecpan.ufms.br\/es\/wp-json\/wp\/v2\/pages"}],"about":[{"href":"https:\/\/ppgecpan.ufms.br\/es\/wp-json\/wp\/v2\/types\/page"}],"author":[{"embeddable":true,"href":"https:\/\/ppgecpan.ufms.br\/es\/wp-json\/wp\/v2\/users\/18799"}],"replies":[{"embeddable":true,"href":"https:\/\/ppgecpan.ufms.br\/es\/wp-json\/wp\/v2\/comments?post=363"}],"version-history":[{"count":3,"href":"https:\/\/ppgecpan.ufms.br\/es\/wp-json\/wp\/v2\/pages\/363\/revisions"}],"predecessor-version":[{"id":366,"href":"https:\/\/ppgecpan.ufms.br\/es\/wp-json\/wp\/v2\/pages\/363\/revisions\/366"}],"wp:attachment":[{"href":"https:\/\/ppgecpan.ufms.br\/es\/wp-json\/wp\/v2\/media?parent=363"}],"wp:term":[{"taxonomy":"author","embeddable":true,"href":"https:\/\/ppgecpan.ufms.br\/es\/wp-json\/wp\/v2\/coauthors?post=363"}],"curies":[{"name":"wp","href":"https:\/\/api.w.org\/{rel}","templated":true}]}}

Dissertações defendidas

<ul>
<li><a href="http://ppgecpan.draconis.ufms.br/arquivo/342">ANDRÉA DUARTE DE OLIVEIRA – Condições de Formação Continuada do Programa Educação Inclusiva: Direito à Diversidade</a></li>
<li>
<ul>
<li><a href="http://ppgecpan.draconis.ufms.br/arquivo/342">ANDRÉA DUARTE DE OLIVEIRA – Condições de Formação Continuada do Programa Educação Inclusiva: Direito à Diversidade</a></li>
<li>
<ul>
<li><a href="http://ppgecpan.draconis.ufms.br/arquivo/342">ANDRÉA DUARTE DE OLIVEIRA – Condições de Formação Continuada do Programa Educação Inclusiva: Direito à Diversidade</a></li>
<li>
<ul>
<li><a href="http://ppgecpan.draconis.ufms.br/arquivo/342">ANDRÉA DUARTE DE OLIVEIRA – Condições de Formação Continuada do Programa Educação Inclusiva: Direito à Diversidade</a>
<ul>
<li><a href="http://ppgecpan.draconis.ufms.br/arquivo/342">ANDRÉA DUARTE DE OLIVEIRA – Condições de Formação Continuada do Programa Educação Inclusiva: Direito à Diversidade</a>
<ul>
<li><a href="http://ppgecpan.draconis.ufms.br/arquivo/342">ANDRÉA DUARTE DE OLIVEIRA – Condições de Formação Continuada do Programa Educação Inclusiva: Direito à Diversidade</a>
<ul>
<li><a href="http://ppgecpan.draconis.ufms.br/arquivo/342">ANDRÉA DUARTE DE OLIVEIRA – Condições de Formação Continuada do Programa Educação Inclusiva: Direito à Diversidade</a>
<ul>
<li><a href="http://ppgecpan.draconis.ufms.br/arquivo/342">ANDRÉA DUARTE DE OLIVEIRA – Condições de Formação Continuada do Programa Educação Inclusiva: Direito à Diversidade</a>
<ul>
<li><a href="http://ppgecpan.draconis.ufms.br/arquivo/342">ANDRÉA DUARTE DE OLIVEIRA – Condições de Formação Continuada do Programa Educação Inclusiva: Direito à Diversidade</a>
<ul>
<li><a href="http://ppgecpan.draconis.ufms.br/arquivo/342">ANDRÉA DUARTE DE OLIVEIRA – Condições de Formação Continuada do Programa Educação Inclusiva: Direito à Diversidade</a>
<ul>
<li><a href="http://ppgecpan.draconis.ufms.br/arquivo/342">ANDRÉA DUARTE DE OLIVEIRA – Condições de Formação Continuada do Programa Educação Inclusiva: Direito à Diversidade</a>
<ul>
<li><a href="http://ppgecpan.draconis.ufms.br/arquivo/342">ANDRÉA DUARTE DE OLIVEIRA – Condições de Formação Continuada do Programa Educação Inclusiva: Direito à Diversidade</a>
<ul>
<li><a href="http://ppgecpan.draconis.ufms.br/arquivo/342">ANDRÉA DUARTE DE OLIVEIRA – Condições de Formação Continuada do Programa Educação Inclusiva: Direito à Diversidade</a>
<ul>
<li><a href="http://ppgecpan.draconis.ufms.br/arquivo/342">ANDRÉA DUARTE DE OLIVEIRA – Condições de Formação Continuada do Programa Educação Inclusiva: Direito à Diversidade</a>
<ul>
<li><a href="http://ppgecpan.draconis.ufms.br/arquivo/342">ANDRÉA DUARTE DE OLIVEIRA – Condições de Formação Continuada do Programa Educação Inclusiva: Direito à Diversidade</a>
<ul>
<li><a href="http://ppgecpan.draconis.ufms.br/arquivo/342">ANDRÉA DUARTE DE OLIVEIRA – Condições de Formação Continuada do Programa Educação Inclusiva: Direito à Diversidade</a>
<ul>
<li><a href="http://ppgecpan.draconis.ufms.br/arquivo/342">ANDRÉA DUARTE DE OLIVEIRA – Condições de Formação Continuada do Programa Educação Inclusiva: Direito à Diversidade</a>
<ul>
<li><a href="http://ppgecpan.draconis.ufms.br/arquivo/342">ANDRÉA DUARTE DE OLIVEIRA – Condições de Formação Continuada do Programa Educação Inclusiva: Direito à Diversidade</a>
<ul>
<li><a href="http://ppgecpan.draconis.ufms.br/arquivo/342">ANDRÉA DUARTE DE OLIVEIRA – Condições de Formação Continuada do Programa Educação Inclusiva: Direito à Diversidade</a>
<ul>
<li><a href="http://ppgecpan.draconis.ufms.br/arquivo/342">ANDRÉA DUARTE DE OLIVEIRA – Condições de Formação Continuada do Programa Educação Inclusiva: Direito à Diversidade</a>
<ul>
<li><a href="http://ppgecpan.draconis.ufms.br/arquivo/342">ANDRÉA DUARTE DE OLIVEIRA – Condições de Formação Continuada do Programa Educação Inclusiva: Direito à Diversidade</a>
<ul>
<li><a href="http://ppgecpan.draconis.ufms.br/arquivo/342">ANDRÉA DUARTE DE OLIVEIRA – Condições de Formação Continuada do Programa Educação Inclusiva: Direito à Diversidade</a>
<ul>
<li><a href="http://ppgecpan.draconis.ufms.br/arquivo/342">ANDRÉA DUARTE DE OLIVEIRA – Condições de Formação Continuada do Programa Educação Inclusiva: Direito à Diversidade</a>
<ul>
<li><a href="http://ppgecpan.draconis.ufms.br/arquivo/342">ANDRÉA DUARTE DE OLIVEIRA – Condições de Formação Continuada do Programa Educação Inclusiva: Direito à Diversidade</a>
<ul>
<li><a href="http://ppgecpan.draconis.ufms.br/arquivo/342">ANDRÉA DUARTE DE OLIVEIRA – Condições de Formação Continuada do Programa Educação Inclusiva: Direito à Diversidade</a></li>
</ul>
</li>
</ul>
</li>
</ul>
</li>
</ul>
</li>
</ul>
</li>
</ul>
</li>
</ul>
</li>
</ul>
</li>
</ul>
</li>
</ul>
</li>
</ul>
</li>
</ul>
</li>
</ul>
</li>
</ul>
</li>
</ul>
</li>
</ul>
</li>
</ul>
</li>
</ul>
</li>
</ul>
</li>
</ul>
</li>
</ul>
</li>
</ul>
</li>
</ul>
</li>
</ul>
</li>
</ul>

<p>ANDRÉA DUARTE DE OLIVEIRA – Condições de Formação Continuada do Programa Educação Inclusiva: Direito à Diversidade ANDRÉA DUARTE DE OLIVEIRA – Condições de Formação Continuada do Programa Educação Inclusiva: Direito à Diversidade ANDRÉA DUARTE DE OLIVEIRA – Condições de Formação Continuada do Programa Educação Inclusiva: Direito à Diversidade ANDRÉA DUARTE DE OLIVEIRA – Condições de [&hellip;]</p>
