{"id":4895,"date":"2020-12-17T11:35:54","date_gmt":"2020-12-17T15:35:54","guid":{"rendered":"https:\/\/ppgecpan.ufms.br\/?page_id=4895"},"modified":"2021-12-22T10:19:35","modified_gmt":"2021-12-22T14:19:35","slug":"selecoes-2021","status":"publish","type":"page","link":"https:\/\/ppgecpan.ufms.br\/es\/selecoes-2021\/","title":{"rendered":"Sele\u00e7\u00f5es 2021"},"content":{"rendered":"<span class=\"glyphicon glyphicon-check\"><\/span>PROCESSO SELETIVO ALUNO REGULAR 2021<\/p>\n<ul>\n<li><a href=\"https:\/\/ppgecpan.ufms.br\/files\/2021\/03\/RESULTADO_final_PARCIAL.pdf\" target=\"_blank\" rel=\"noopener noreferrer\">Resultado Final Parcial<\/a><\/li>\n<li><a href=\"https:\/\/ppgecpan.ufms.br\/files\/2021\/03\/ORGANIZA\u00c7\u00c3O-BANCAS_ARGUI\u00c7\u00c3O_-versao-para-publicar_04-mar\u00e7o.pdf\" target=\"_blank\" rel=\"noopener noreferrer\">Cronograma de argui\u00e7\u00f5es<\/a><\/li>\n<li><a href=\"\/\/ppgecpan.ufms.br\/files\/2021\/03\/RESULTADO_Pedidos-de-Recursos_ETAPA-PROJETOS_CPAN.pdf\" target=\"_blank\" rel=\"noopener noreferrer\">Resultado pedidos de recursos etapa projetos<\/a><\/li>\n<li><a href=\"https:\/\/ppgecpan.ufms.br\/files\/2021\/03\/RESULTADO_ETAPA-PROJETOS.pdf\" target=\"_blank\" rel=\"noopener noreferrer\">Resultado an\u00e1lise dos projetos<\/a><\/li>\n<li><a href=\"https:\/\/ppgecpan.ufms.br\/files\/2021\/02\/Resultado-Final-Recursos-Inscri\u00e7\u00f5es-Indeferidas-ATUALIZ.pdf\">Resultado dos recursos &#8211; enquadramento das inscri\u00e7\u00f5es<\/a><\/li>\n<li><a href=\"https:\/\/ppgecpan.ufms.br\/files\/2021\/03\/LISTA-FINAL_INSCRI\u00c7\u00d5ES-DEFERIDAS-atualizada2.pdf\" target=\"_blank\" rel=\"noopener noreferrer\">Resultado preliminar inscri\u00e7\u00f5es deferidas<\/a><\/li>\n<li><a href=\"https:\/\/ppgecpan.ufms.br\/files\/2020\/12\/TEMAS-DE-INTERESSE-SELE\u00c7\u00c3O-2021_vers\u00e3o-para-o-site.pdf\" target=\"_blank\" rel=\"noopener noreferrer\">Temas de interesse<\/a><\/li>\n<li><a href=\"https:\/\/ppgecpan.ufms.br\/files\/2020\/12\/Edital-Educacao-CPAN_13-de-dezembro-publicar.pdf\" target=\"_blank\" rel=\"noopener noreferrer\">Edital de abertura<\/a><\/li>\n<\/ul>\n<p>&nbsp;<\/p>\n<span class=\"glyphicon glyphicon-check\"><\/span>PROCESSO SELETIVO ALUNO ESPECIAL 2021.1<\/p>\n<ul>\n<li><a href=\"https:\/\/ppgecpan.ufms.br\/files\/2021\/03\/Resultado-Final-Alunos-Especiais-.pdf\" target=\"_blank\" rel=\"noopener noreferrer\">Resultado<\/a><\/li>\n<li><a href=\"https:\/\/ppgecpan.ufms.br\/files\/2021\/02\/edital-aluno-especial-2021.1.pdf\" target=\"_blank\" rel=\"noopener noreferrer\">Edital de abertura<\/a><\/li>\n<\/ul>","protected":false},"excerpt":{"rendered":"<p>PROCESSO SELETIVO ALUNO REGULAR 2021 Resultado Final Parcial Cronograma de argui\u00e7\u00f5es Resultado pedidos de recursos etapa projetos Resultado an\u00e1lise dos projetos Resultado dos recursos &#8211; enquadramento das inscri\u00e7\u00f5es Resultado preliminar inscri\u00e7\u00f5es deferidas Temas de interesse Edital de abertura &nbsp; PROCESSO SELETIVO ALUNO ESPECIAL 2021.1 Resultado Edital de abertura<\/p>\n","protected":false},"author":28260,"featured_media":0,"parent":0,"menu_order":0,"comment_status":"closed","ping_status":"closed","template":"","meta":{"footnotes":""},"coauthors":[],"class_list":["post-4895","page","type-page","status-publish","hentry"],"_links":{"self":[{"href":"https:\/\/ppgecpan.ufms.br\/es\/wp-json\/wp\/v2\/pages\/4895","targetHints":{"allow":["GET"]}}],"collection":[{"href":"https:\/\/ppgecpan.ufms.br\/es\/wp-json\/wp\/v2\/pages"}],"about":[{"href":"https:\/\/ppgecpan.ufms.br\/es\/wp-json\/wp\/v2\/types\/page"}],"author":[{"embeddable":true,"href":"https:\/\/ppgecpan.ufms.br\/es\/wp-json\/wp\/v2\/users\/28260"}],"replies":[{"embeddable":true,"href":"https:\/\/ppgecpan.ufms.br\/es\/wp-json\/wp\/v2\/comments?post=4895"}],"version-history":[{"count":19,"href":"https:\/\/ppgecpan.ufms.br\/es\/wp-json\/wp\/v2\/pages\/4895\/revisions"}],"predecessor-version":[{"id":5535,"href":"https:\/\/ppgecpan.ufms.br\/es\/wp-json\/wp\/v2\/pages\/4895\/revisions\/5535"}],"wp:attachment":[{"href":"https:\/\/ppgecpan.ufms.br\/es\/wp-json\/wp\/v2\/media?parent=4895"}],"wp:term":[{"taxonomy":"author","embeddable":true,"href":"https:\/\/ppgecpan.ufms.br\/es\/wp-json\/wp\/v2\/coauthors?post=4895"}],"curies":[{"name":"wp","href":"https:\/\/api.w.org\/{rel}","templated":true}]}}

Seleções 2021

<span class="glyphicon glyphicon-check"></span>PROCESSO SELETIVO ALUNO REGULAR 2021</p>
<ul>
<li><a href="https://ppgecpan.ufms.br/files/2021/03/RESULTADO_final_PARCIAL.pdf" target="_blank" rel="noopener noreferrer">Resultado Final Parcial</a></li>
<li><a href="https://ppgecpan.ufms.br/files/2021/03/ORGANIZAÇÃO-BANCAS_ARGUIÇÃO_-versao-para-publicar_04-março.pdf" target="_blank" rel="noopener noreferrer">Cronograma de arguições</a></li>
<li><a href="//ppgecpan.ufms.br/files/2021/03/RESULTADO_Pedidos-de-Recursos_ETAPA-PROJETOS_CPAN.pdf" target="_blank" rel="noopener noreferrer">Resultado pedidos de recursos etapa projetos</a></li>
<li><a href="https://ppgecpan.ufms.br/files/2021/03/RESULTADO_ETAPA-PROJETOS.pdf" target="_blank" rel="noopener noreferrer">Resultado análise dos projetos</a></li>
<li><a href="https://ppgecpan.ufms.br/files/2021/02/Resultado-Final-Recursos-Inscrições-Indeferidas-ATUALIZ.pdf">Resultado dos recursos &#8211; enquadramento das inscrições</a></li>
<li><a href="https://ppgecpan.ufms.br/files/2021/03/LISTA-FINAL_INSCRIÇÕES-DEFERIDAS-atualizada2.pdf" target="_blank" rel="noopener noreferrer">Resultado preliminar inscrições deferidas</a></li>
<li><a href="https://ppgecpan.ufms.br/files/2020/12/TEMAS-DE-INTERESSE-SELEÇÃO-2021_versão-para-o-site.pdf" target="_blank" rel="noopener noreferrer">Temas de interesse</a></li>
<li><a href="https://ppgecpan.ufms.br/files/2020/12/Edital-Educacao-CPAN_13-de-dezembro-publicar.pdf" target="_blank" rel="noopener noreferrer">Edital de abertura</a></li>
</ul>
<p>&nbsp;</p>
<span class="glyphicon glyphicon-check"></span>PROCESSO SELETIVO ALUNO ESPECIAL 2021.1</p>
<ul>
<li><a href="https://ppgecpan.ufms.br/files/2021/03/Resultado-Final-Alunos-Especiais-.pdf" target="_blank" rel="noopener noreferrer">Resultado</a></li>
<li><a href="https://ppgecpan.ufms.br/files/2021/02/edital-aluno-especial-2021.1.pdf" target="_blank" rel="noopener noreferrer">Edital de abertura</a></li>
</ul>

<p>PROCESSO SELETIVO ALUNO REGULAR 2021 Resultado Final Parcial Cronograma de arguições Resultado pedidos de recursos etapa projetos Resultado análise dos projetos Resultado dos recursos &#8211; enquadramento das inscrições Resultado preliminar inscrições deferidas Temas de interesse Edital de abertura &nbsp; PROCESSO SELETIVO ALUNO ESPECIAL 2021.1 Resultado Edital de abertura</p>
