{"id":5237,"date":"2021-08-18T12:34:37","date_gmt":"2021-08-18T16:34:37","guid":{"rendered":"https:\/\/ppgecpan.ufms.br\/?page_id=5237"},"modified":"2023-02-28T09:53:23","modified_gmt":"2023-02-28T13:53:23","slug":"informacoes-aos-as-candidatos-as","status":"publish","type":"page","link":"https:\/\/ppgecpan.ufms.br\/es\/informacoes-aos-as-candidatos-as\/","title":{"rendered":"Boas Vindas"},"content":{"rendered":"Sejam bem-vindos e bem-vindas ao PPGE\/CPAN! Ficamos felizes por considerar nosso programa como op\u00e7\u00e3o de forma\u00e7\u00e3o em n\u00edvel stricto sensu. Sabendo que as informa\u00e7\u00f5es para a decis\u00e3o de onde cursar s\u00e3o importantes, gostar\u00edamos de dividir algumas que consideramos fundamentais. A primeira delas, \u00e9 que somos um programa de p\u00f3s-gradua\u00e7\u00e3o em educa\u00e7\u00e3o com \u00e1rea de concentra\u00e7\u00e3o em educa\u00e7\u00e3o social. A educa\u00e7\u00e3o social \u00e9 elemento articulador do PPGE\/CPAN e as pesquisas que desenvolvemos t\u00eam se debru\u00e7ado sobre os fen\u00f4menos educacionais das mais diversas tem\u00e1ticas (estudos culturais, estudos de g\u00eanero, pol\u00edticas educacionais, estudos sobre o processo de adoecimento dos professores, educa\u00e7\u00e3o e sa\u00fade, forma\u00e7\u00e3o de professores, educa\u00e7\u00e3o em situa\u00e7\u00f5es de adversidade, educa\u00e7\u00e3o especial, etc.). Essas pesquisas, representam a articula\u00e7\u00e3o entre os estudos desenvolvidos pelos docentes, suas redes, grupos e linhas de pesquisas. Toda a articula\u00e7\u00e3o desse trabalho coletivo fundamenta-se em uma perspectiva que compreende a educa\u00e7\u00e3o sempre relacionada com seu contexto hist\u00f3rico. Ao enfocar a educa\u00e7\u00e3o, \u00e9 poss\u00edvel identificar diferentes perspectivas, pr\u00e1ticas e atua\u00e7\u00f5es no decorrer da hist\u00f3ria, de modo que, atualmente, vemos seu olhar voltado \u00e0 causa ecol\u00f3gica, \u00e0 quest\u00e3o de g\u00eanero, direitos humanos, dentre outros temas. Essas quest\u00f5es est\u00e3o presentes dentro e fora das institui\u00e7\u00f5es escolares e s\u00e3o focos tanto da educa\u00e7\u00e3o formal quanto da n\u00e3o-formal. Sim, toda educa\u00e7\u00e3o \u00e9 social, mas nem sempre os aspectos sociais a que denominamos de transformadores acompanham as pr\u00e1ticas educativas. Em outras palavras, ainda que todo o trabalho educativo envolva \u201co social\u201d, por ser uma produ\u00e7\u00e3o humana, nem sempre tal trabalho est\u00e1 permeado por uma vis\u00e3o de totalidade do ser humano ou est\u00e1 voltado para a constru\u00e7\u00e3o alternativa de meios de existir no mundo, de formas que possam ser transformadoras da realidade extremamente excludente que vivemos. Por isso, o social \u00e9 mais que uma qualidade; ao se incorporar ao conceito de educa\u00e7\u00e3o se transforma em um substantivo que d\u00e1 nome \u00e0 pr\u00e1tica formativa contra hegem\u00f4nica, que visa construir uma escola mais inclusiva, uma sociedade baseada em outros valores, que tenha como horizonte o processo transformador em todos os sentidos.<\/p>\n<p>Agora que voc\u00ea j\u00e1 sabe um pouco da nossa compreens\u00e3o sobre educa\u00e7\u00e3o e educa\u00e7\u00e3o social, outra informa\u00e7\u00e3o relevante diz respeito a diversidade do corpo docente. Somos um programa com pesquisadores de diversas \u00e1reas do conhecimento, o que garante um amplo espectro de possibilidades investigativas. Sugerimos, fortemente, que os\/as candidatos\/as busquem informa\u00e7\u00f5es sobre as pesquisas em desenvolvimento dos\/das docentes atrav\u00e9s do curr\u00edculo lattes (dispon\u00edvel aqui no site mesmo, na aba pessoas) e estruturem um projeto articulado aos interesses de pesquisa captados nesta busca.<\/p>\n<p>Nossas aulas ocorrem presencialmente, e s\u00e3o em per\u00edodo integral (manh\u00e3, tarde e noite). Eventualmente, algumas disciplinas podem ser oferecidas a dist\u00e2ncia, com a participa\u00e7\u00e3o de professores\/as de outras institui\u00e7\u00f5es e pa\u00edses.<\/p>\n<p>Todas as outras informa\u00e7\u00f5es que precisa saber est\u00e3o neste site. Fique \u00e0 vontade em percorrer seus caminhos, encontrar o que precisa e, claro, caso ainda fique com d\u00favidas, nos envie um email que teremos o prazer em ajud\u00e1-lo\/la. Nos vemos em breve!!","protected":false},"excerpt":{"rendered":"<p>Sejam bem-vindos e bem-vindas ao PPGE\/CPAN! Ficamos felizes por considerar nosso programa como op\u00e7\u00e3o de forma\u00e7\u00e3o em n\u00edvel stricto sensu. Sabendo que as informa\u00e7\u00f5es para a decis\u00e3o de onde cursar s\u00e3o importantes, gostar\u00edamos de dividir algumas que consideramos fundamentais. A primeira delas, \u00e9 que somos um programa de p\u00f3s-gradua\u00e7\u00e3o em educa\u00e7\u00e3o com \u00e1rea de concentra\u00e7\u00e3o [&hellip;]<\/p>\n","protected":false},"author":28260,"featured_media":0,"parent":0,"menu_order":0,"comment_status":"closed","ping_status":"closed","template":"","meta":{"footnotes":""},"coauthors":[],"class_list":["post-5237","page","type-page","status-publish","hentry"],"_links":{"self":[{"href":"https:\/\/ppgecpan.ufms.br\/es\/wp-json\/wp\/v2\/pages\/5237","targetHints":{"allow":["GET"]}}],"collection":[{"href":"https:\/\/ppgecpan.ufms.br\/es\/wp-json\/wp\/v2\/pages"}],"about":[{"href":"https:\/\/ppgecpan.ufms.br\/es\/wp-json\/wp\/v2\/types\/page"}],"author":[{"embeddable":true,"href":"https:\/\/ppgecpan.ufms.br\/es\/wp-json\/wp\/v2\/users\/28260"}],"replies":[{"embeddable":true,"href":"https:\/\/ppgecpan.ufms.br\/es\/wp-json\/wp\/v2\/comments?post=5237"}],"version-history":[{"count":4,"href":"https:\/\/ppgecpan.ufms.br\/es\/wp-json\/wp\/v2\/pages\/5237\/revisions"}],"predecessor-version":[{"id":5921,"href":"https:\/\/ppgecpan.ufms.br\/es\/wp-json\/wp\/v2\/pages\/5237\/revisions\/5921"}],"wp:attachment":[{"href":"https:\/\/ppgecpan.ufms.br\/es\/wp-json\/wp\/v2\/media?parent=5237"}],"wp:term":[{"taxonomy":"author","embeddable":true,"href":"https:\/\/ppgecpan.ufms.br\/es\/wp-json\/wp\/v2\/coauthors?post=5237"}],"curies":[{"name":"wp","href":"https:\/\/api.w.org\/{rel}","templated":true}]}}

Sejam bem-vindos e bem-vindas ao PPGE/CPAN! Ficamos felizes por considerar nosso programa como opção de formação em nível stricto sensu. Sabendo que as informações para a decisão de onde cursar são importantes, gostaríamos de dividir algumas que consideramos fundamentais. A primeira delas, é que somos um programa de pós-graduação em educação com área de concentração em educação social. A educação social é elemento articulador do PPGE/CPAN e as pesquisas que desenvolvemos têm se debruçado sobre os fenômenos educacionais das mais diversas temáticas (estudos culturais, estudos de gênero, políticas educacionais, estudos sobre o processo de adoecimento dos professores, educação e saúde, formação de professores, educação em situações de adversidade, educação especial, etc.). Essas pesquisas, representam a articulação entre os estudos desenvolvidos pelos docentes, suas redes, grupos e linhas de pesquisas. Toda a articulação desse trabalho coletivo fundamenta-se em uma perspectiva que compreende a educação sempre relacionada com seu contexto histórico. Ao enfocar a educação, é possível identificar diferentes perspectivas, práticas e atuações no decorrer da história, de modo que, atualmente, vemos seu olhar voltado à causa ecológica, à questão de gênero, direitos humanos, dentre outros temas. Essas questões estão presentes dentro e fora das instituições escolares e são focos tanto da educação formal quanto da não-formal. Sim, toda educação é social, mas nem sempre os aspectos sociais a que denominamos de transformadores acompanham as práticas educativas. Em outras palavras, ainda que todo o trabalho educativo envolva “o social”, por ser uma produção humana, nem sempre tal trabalho está permeado por uma visão de totalidade do ser humano ou está voltado para a construção alternativa de meios de existir no mundo, de formas que possam ser transformadoras da realidade extremamente excludente que vivemos. Por isso, o social é mais que uma qualidade; ao se incorporar ao conceito de educação se transforma em um substantivo que dá nome à prática formativa contra hegemônica, que visa construir uma escola mais inclusiva, uma sociedade baseada em outros valores, que tenha como horizonte o processo transformador em todos os sentidos.</p>
<p>Agora que você já sabe um pouco da nossa compreensão sobre educação e educação social, outra informação relevante diz respeito a diversidade do corpo docente. Somos um programa com pesquisadores de diversas áreas do conhecimento, o que garante um amplo espectro de possibilidades investigativas. Sugerimos, fortemente, que os/as candidatos/as busquem informações sobre as pesquisas em desenvolvimento dos/das docentes através do currículo lattes (disponível aqui no site mesmo, na aba pessoas) e estruturem um projeto articulado aos interesses de pesquisa captados nesta busca.</p>
<p>Nossas aulas ocorrem presencialmente, e são em período integral (manhã, tarde e noite). Eventualmente, algumas disciplinas podem ser oferecidas a distância, com a participação de professores/as de outras instituições e países.</p>
<p>Todas as outras informações que precisa saber estão neste site. Fique à vontade em percorrer seus caminhos, encontrar o que precisa e, claro, caso ainda fique com dúvidas, nos envie um email que teremos o prazer em ajudá-lo/la. Nos vemos em breve!!

<p>Sejam bem-vindos e bem-vindas ao PPGE/CPAN! Ficamos felizes por considerar nosso programa como opção de formação em nível stricto sensu. Sabendo que as informações para a decisão de onde cursar são importantes, gostaríamos de dividir algumas que consideramos fundamentais. A primeira delas, é que somos um programa de pós-graduação em educação com área de concentração [&hellip;]</p>
